{"id":10128,"date":"2021-09-20T08:44:58","date_gmt":"2021-09-20T11:44:58","guid":{"rendered":"http:\/\/new.vlibro.cl\/?page_id=10128"},"modified":"2021-11-17T12:37:44","modified_gmt":"2021-11-17T15:37:44","slug":"nuestros-logros","status":"publish","type":"page","link":"https:\/\/dtichile.cl\/?page_id=10128","title":{"rendered":"Nuestros logros"},"content":{"rendered":"\n<figure class=\"wp-block-image size-full\"><img loading=\"lazy\" decoding=\"async\" width=\"960\" height=\"469\" src=\"https:\/\/dtichile.cl\/wp-content\/uploads\/2021\/10\/logros-1.jpg\" alt=\"\" class=\"wp-image-10619\" srcset=\"https:\/\/dtichile.cl\/wp-content\/uploads\/2021\/10\/logros-1.jpg 960w, https:\/\/dtichile.cl\/wp-content\/uploads\/2021\/10\/logros-1-300x147.jpg 300w, https:\/\/dtichile.cl\/wp-content\/uploads\/2021\/10\/logros-1-768x375.jpg 768w\" sizes=\"auto, (max-width: 960px) 100vw, 960px\" \/><\/figure>\n\n\n<ul class=\"pluslist\" ><\/p>\n<ul>\n<li>M\u00e1s de 500 mil visitas mensuales de nuestro producto Viewer II<\/li>\n<\/ul>\n<ul>\n<li>M\u00e1s de 100 mil usuarios inscritos en el sistema Viewer II<\/li>\n<\/ul>\n<ul>\n<li>Ganador del Programa de Innovaci\u00f3n de CORFO Semilla Inicia 2020 con nuestro producto SAFERAISE<\/li>\n<\/ul>\n<ul>\n<li>Ganador del Programa de Innovaci\u00f3n de CORFO Semilla Expande 2021<\/li>\n<\/ul>\n<ul>\n<li>Proyecto Patrocinado por 3Ie de la Universidad T\u00e9cnica Federico Santa Mar\u00eda<\/li>\n<\/ul>\n<ul>\n<li>Proyecto participante del Programa de Innova+Pymes 2021 &#8211; Antofagasta<\/li>\n<\/ul>\n<p><\/ul>\n\n\n\n<div class=\"wp-block-columns is-layout-flex wp-container-core-columns-is-layout-9d6595d7 wp-block-columns-is-layout-flex\">\n<div class=\"wp-block-column is-layout-flow wp-block-column-is-layout-flow\">\n<figure class=\"wp-block-image size-full\"><img loading=\"lazy\" decoding=\"async\" width=\"307\" height=\"80\" src=\"https:\/\/dtichile.cl\/wp-content\/uploads\/2021\/10\/logroslogos.jpg\" alt=\"\" class=\"wp-image-10623\" srcset=\"https:\/\/dtichile.cl\/wp-content\/uploads\/2021\/10\/logroslogos.jpg 307w, https:\/\/dtichile.cl\/wp-content\/uploads\/2021\/10\/logroslogos-300x78.jpg 300w\" sizes=\"auto, (max-width: 307px) 100vw, 307px\" \/><\/figure>\n\n\n\n<p><\/p>\n<\/div>\n<\/div>\n\n\n\n<div class=\"wp-block-buttons is-content-justification-center is-layout-flex wp-block-buttons-is-layout-flex\"><\/div>\n","protected":false},"excerpt":{"rendered":"<p>M\u00e1s de 500 mil visitas mensuales de nuestro producto Viewer II M\u00e1s de 100 mil usuarios inscritos en el sistema Viewer II Ganador del Programa de Innovaci\u00f3n de CORFO Semilla Inicia 2020 con nuestro producto SAFERAISE Ganador del Programa de Innovaci\u00f3n de CORFO Semilla Expande 2021 Proyecto Patrocinado por 3Ie de la Universidad T\u00e9cnica Federico &#8230;<\/p>\n","protected":false},"author":2,"featured_media":0,"parent":0,"menu_order":0,"comment_status":"open","ping_status":"open","template":"template-sidebar.php","meta":{"footnotes":""},"class_list":["post-10128","page","type-page","status-publish","hentry"],"yoast_head":"<!-- This site is optimized with the Yoast SEO plugin v17.6 - https:\/\/yoast.com\/wordpress\/plugins\/seo\/ -->\n<title>Nuestros logros - DTIC Sistemas SPA<\/title>\n<meta name=\"description\" content=\"Ganador de proyectos de Innovaci\u00f3n en CORFO, m\u00e1s de 100.000 suscripciones en el Sistema Viewer, y participante en diversos proyectos.\" \/>\n<meta name=\"robots\" content=\"index, follow, max-snippet:-1, max-image-preview:large, max-video-preview:-1\" \/>\n<link rel=\"canonical\" href=\"https:\/\/dtichile.cl\/?page_id=10128\" \/>\n<meta property=\"og:locale\" content=\"es_ES\" \/>\n<meta property=\"og:type\" content=\"article\" \/>\n<meta property=\"og:title\" content=\"Nuestros logros - DTIC Sistemas SPA\" \/>\n<meta property=\"og:description\" content=\"Ganador de proyectos de Innovaci\u00f3n en CORFO, m\u00e1s de 100.000 suscripciones en el Sistema Viewer, y participante en diversos proyectos.\" \/>\n<meta property=\"og:url\" content=\"https:\/\/dtichile.cl\/?page_id=10128\" \/>\n<meta property=\"og:site_name\" content=\"DTIC Sistemas SPA\" \/>\n<meta property=\"article:modified_time\" content=\"2021-11-17T15:37:44+00:00\" \/>\n<meta property=\"og:image\" content=\"https:\/\/dtichile.cl\/wp-content\/uploads\/2021\/10\/logros-1.jpg\" \/>\n<meta name=\"twitter:card\" content=\"summary_large_image\" \/>\n<meta name=\"twitter:label1\" content=\"Est. reading time\" \/>\n\t<meta name=\"twitter:data1\" content=\"1 minuto\" \/>\n<script type=\"application\/ld+json\" class=\"yoast-schema-graph\">{\"@context\":\"https:\/\/schema.org\",\"@graph\":[{\"@type\":\"WebSite\",\"@id\":\"https:\/\/dtichile.cl\/#website\",\"url\":\"https:\/\/dtichile.cl\/\",\"name\":\"DTIC Sistemas SPA\",\"description\":\"DTIC Sistemas SPA\",\"potentialAction\":[{\"@type\":\"SearchAction\",\"target\":{\"@type\":\"EntryPoint\",\"urlTemplate\":\"https:\/\/dtichile.cl\/?s={search_term_string}\"},\"query-input\":\"required name=search_term_string\"}],\"inLanguage\":\"es-CL\"},{\"@type\":\"ImageObject\",\"@id\":\"https:\/\/dtichile.cl\/?page_id=10128#primaryimage\",\"inLanguage\":\"es-CL\",\"url\":\"https:\/\/dtichile.cl\/wp-content\/uploads\/2021\/10\/logros-1.jpg\",\"contentUrl\":\"https:\/\/dtichile.cl\/wp-content\/uploads\/2021\/10\/logros-1.jpg\",\"width\":960,\"height\":469},{\"@type\":\"WebPage\",\"@id\":\"https:\/\/dtichile.cl\/?page_id=10128#webpage\",\"url\":\"https:\/\/dtichile.cl\/?page_id=10128\",\"name\":\"Nuestros logros - DTIC Sistemas SPA\",\"isPartOf\":{\"@id\":\"https:\/\/dtichile.cl\/#website\"},\"primaryImageOfPage\":{\"@id\":\"https:\/\/dtichile.cl\/?page_id=10128#primaryimage\"},\"datePublished\":\"2021-09-20T11:44:58+00:00\",\"dateModified\":\"2021-11-17T15:37:44+00:00\",\"description\":\"Ganador de proyectos de Innovaci\\u00f3n en CORFO, m\\u00e1s de 100.000 suscripciones en el Sistema Viewer, y participante en diversos proyectos.\",\"breadcrumb\":{\"@id\":\"https:\/\/dtichile.cl\/?page_id=10128#breadcrumb\"},\"inLanguage\":\"es-CL\",\"potentialAction\":[{\"@type\":\"ReadAction\",\"target\":[\"https:\/\/dtichile.cl\/?page_id=10128\"]}]},{\"@type\":\"BreadcrumbList\",\"@id\":\"https:\/\/dtichile.cl\/?page_id=10128#breadcrumb\",\"itemListElement\":[{\"@type\":\"ListItem\",\"position\":1,\"name\":\"Portada\",\"item\":\"https:\/\/dtichile.cl\/\"},{\"@type\":\"ListItem\",\"position\":2,\"name\":\"Nuestros logros\"}]}]}<\/script>\n<!-- \/ Yoast SEO plugin. -->","yoast_head_json":{"title":"Nuestros logros - DTIC Sistemas SPA","description":"Ganador de proyectos de Innovaci\u00f3n en CORFO, m\u00e1s de 100.000 suscripciones en el Sistema Viewer, y participante en diversos proyectos.","robots":{"index":"index","follow":"follow","max-snippet":"max-snippet:-1","max-image-preview":"max-image-preview:large","max-video-preview":"max-video-preview:-1"},"canonical":"https:\/\/dtichile.cl\/?page_id=10128","og_locale":"es_ES","og_type":"article","og_title":"Nuestros logros - DTIC Sistemas SPA","og_description":"Ganador de proyectos de Innovaci\u00f3n en CORFO, m\u00e1s de 100.000 suscripciones en el Sistema Viewer, y participante en diversos proyectos.","og_url":"https:\/\/dtichile.cl\/?page_id=10128","og_site_name":"DTIC Sistemas SPA","article_modified_time":"2021-11-17T15:37:44+00:00","og_image":[{"url":"https:\/\/dtichile.cl\/wp-content\/uploads\/2021\/10\/logros-1.jpg"}],"twitter_card":"summary_large_image","twitter_misc":{"Est. reading time":"1 minuto"},"schema":{"@context":"https:\/\/schema.org","@graph":[{"@type":"WebSite","@id":"https:\/\/dtichile.cl\/#website","url":"https:\/\/dtichile.cl\/","name":"DTIC Sistemas SPA","description":"DTIC Sistemas SPA","potentialAction":[{"@type":"SearchAction","target":{"@type":"EntryPoint","urlTemplate":"https:\/\/dtichile.cl\/?s={search_term_string}"},"query-input":"required name=search_term_string"}],"inLanguage":"es-CL"},{"@type":"ImageObject","@id":"https:\/\/dtichile.cl\/?page_id=10128#primaryimage","inLanguage":"es-CL","url":"https:\/\/dtichile.cl\/wp-content\/uploads\/2021\/10\/logros-1.jpg","contentUrl":"https:\/\/dtichile.cl\/wp-content\/uploads\/2021\/10\/logros-1.jpg","width":960,"height":469},{"@type":"WebPage","@id":"https:\/\/dtichile.cl\/?page_id=10128#webpage","url":"https:\/\/dtichile.cl\/?page_id=10128","name":"Nuestros logros - DTIC Sistemas SPA","isPartOf":{"@id":"https:\/\/dtichile.cl\/#website"},"primaryImageOfPage":{"@id":"https:\/\/dtichile.cl\/?page_id=10128#primaryimage"},"datePublished":"2021-09-20T11:44:58+00:00","dateModified":"2021-11-17T15:37:44+00:00","description":"Ganador de proyectos de Innovaci\u00f3n en CORFO, m\u00e1s de 100.000 suscripciones en el Sistema Viewer, y participante en diversos proyectos.","breadcrumb":{"@id":"https:\/\/dtichile.cl\/?page_id=10128#breadcrumb"},"inLanguage":"es-CL","potentialAction":[{"@type":"ReadAction","target":["https:\/\/dtichile.cl\/?page_id=10128"]}]},{"@type":"BreadcrumbList","@id":"https:\/\/dtichile.cl\/?page_id=10128#breadcrumb","itemListElement":[{"@type":"ListItem","position":1,"name":"Portada","item":"https:\/\/dtichile.cl\/"},{"@type":"ListItem","position":2,"name":"Nuestros logros"}]}]}},"_links":{"self":[{"href":"https:\/\/dtichile.cl\/index.php?rest_route=\/wp\/v2\/pages\/10128","targetHints":{"allow":["GET"]}}],"collection":[{"href":"https:\/\/dtichile.cl\/index.php?rest_route=\/wp\/v2\/pages"}],"about":[{"href":"https:\/\/dtichile.cl\/index.php?rest_route=\/wp\/v2\/types\/page"}],"author":[{"embeddable":true,"href":"https:\/\/dtichile.cl\/index.php?rest_route=\/wp\/v2\/users\/2"}],"replies":[{"embeddable":true,"href":"https:\/\/dtichile.cl\/index.php?rest_route=%2Fwp%2Fv2%2Fcomments&post=10128"}],"version-history":[{"count":8,"href":"https:\/\/dtichile.cl\/index.php?rest_route=\/wp\/v2\/pages\/10128\/revisions"}],"predecessor-version":[{"id":10634,"href":"https:\/\/dtichile.cl\/index.php?rest_route=\/wp\/v2\/pages\/10128\/revisions\/10634"}],"wp:attachment":[{"href":"https:\/\/dtichile.cl\/index.php?rest_route=%2Fwp%2Fv2%2Fmedia&parent=10128"}],"curies":[{"name":"wp","href":"https:\/\/api.w.org\/{rel}","templated":true}]}}