{"id":10774,"date":"2021-11-18T22:37:08","date_gmt":"2021-11-19T01:37:08","guid":{"rendered":"https:\/\/dtichile.cl\/?page_id=10774"},"modified":"2021-11-19T13:15:32","modified_gmt":"2021-11-19T16:15:32","slug":"viewer-version-2-3","status":"publish","type":"page","link":"https:\/\/dtichile.cl\/?page_id=10774","title":{"rendered":"Viewer 2.3 nuevas implementaciones"},"content":{"rendered":"\n<figure class=\"wp-block-image size-full\"><img loading=\"lazy\" decoding=\"async\" width=\"892\" height=\"213\" src=\"https:\/\/dtichile.cl\/wp-content\/uploads\/2021\/09\/Artboard-1-80.jpg\" alt=\"\" class=\"wp-image-10194\" srcset=\"https:\/\/dtichile.cl\/wp-content\/uploads\/2021\/09\/Artboard-1-80.jpg 892w, https:\/\/dtichile.cl\/wp-content\/uploads\/2021\/09\/Artboard-1-80-300x72.jpg 300w, https:\/\/dtichile.cl\/wp-content\/uploads\/2021\/09\/Artboard-1-80-768x183.jpg 768w\" sizes=\"auto, (max-width: 892px) 100vw, 892px\" \/><\/figure>\n\n\n\n<p>Estamos muy entusiasmados de contarles que estamos implementando una nueva instancia de Viewer II,<br>esta en su \u00faltima versi\u00f3n 2.3, la cual tiene muchas ventajas adicionales a las ya conocidas como:<\/p>\n\n\n<ul class=\"pluslist\" ><\/p>\n<ul>\n<li>Seguridad del contenido exhibido<\/li>\n<li>Protecci\u00f3n de descarga<\/li>\n<li>Protecci\u00f3n de documentos seg\u00fan carga acad\u00e9mica<\/li>\n<li>Extracci\u00f3n de pagina \u00fanica , mejora la fluidez de lectura<\/li>\n<li>Avance a p\u00e1gina deseada<\/li>\n<\/ul>\n<p><\/ul>\n\n\n\n<figure class=\"wp-block-image size-large\"><img loading=\"lazy\" decoding=\"async\" width=\"1024\" height=\"516\" src=\"https:\/\/dtichile.cl\/wp-content\/uploads\/2021\/11\/2young-coworkers-working-computer-office-1024x516.jpg\" alt=\"\" class=\"wp-image-10791\" srcset=\"https:\/\/dtichile.cl\/wp-content\/uploads\/2021\/11\/2young-coworkers-working-computer-office-1024x516.jpg 1024w, https:\/\/dtichile.cl\/wp-content\/uploads\/2021\/11\/2young-coworkers-working-computer-office-300x151.jpg 300w, https:\/\/dtichile.cl\/wp-content\/uploads\/2021\/11\/2young-coworkers-working-computer-office-768x387.jpg 768w, https:\/\/dtichile.cl\/wp-content\/uploads\/2021\/11\/2young-coworkers-working-computer-office-1536x773.jpg 1536w, https:\/\/dtichile.cl\/wp-content\/uploads\/2021\/11\/2young-coworkers-working-computer-office.jpg 1720w\" sizes=\"auto, (max-width: 1024px) 100vw, 1024px\" \/><\/figure>\n\n\n\n<p>A estas extraordinarias funcionalidades hemos agregado otras, aun tan extraordinarias como las<br>anteriores, esta son:<\/p>\n\n\n<ul class=\"pluslist\" ><\/p>\n<ul>\n<li>\u00cdndice<\/li>\n<li>Favoritos<\/li>\n<li>Secci\u00f3n de documentos comunes<\/li>\n<li>Memoria de lectura<\/li>\n<li>Nuevas herramientas de administrador<\/li>\n<li>Cubo OLAP de an\u00e1lisis estad\u00edstico configurable seg\u00fan la necesidad<\/li>\n<\/ul>\n<p><\/ul>\n\n\n\n<h4>Aula Virtual 2.0 en CFTPUCV<\/h4>\n\n\n\n<p><\/p>\n\n\n\n<p>Esta nueva instancia se encuentra en implementaci\u00f3n en el <strong>CFT de la Pontificia Universidad Cat\u00f3lica<br>de Valpara\u00edso<\/strong> y esta se desarrolla bajo el marco de su nueva Aula Virtual 2.0, la cual esta orientada a<br>mejorar el proceso de aprendizaje de sus alumnos, utilizando las herramientas mas avanzadas<br>disponibles.<\/p>\n\n\n\n<hr class=\"wp-block-separator\"\/>\n\n\n\n<div class=\"wp-block-columns is-layout-flex wp-container-core-columns-is-layout-9d6595d7 wp-block-columns-is-layout-flex\">\n<div class=\"wp-block-column is-layout-flow wp-block-column-is-layout-flow\">\n<p><strong>A continuaci\u00f3n, presentamos parte de las nuevas implementaciones aplicadas que hemos mencionado para esta versi\u00f3n:<\/strong><\/p>\n<\/div>\n\n\n\n<div class=\"wp-block-column is-layout-flow wp-block-column-is-layout-flow\" style=\"flex-basis:250px\">\n<div class=\"wp-block-image\"><figure class=\"alignright size-full is-resized\"><img loading=\"lazy\" decoding=\"async\" src=\"https:\/\/dtichile.cl\/wp-content\/uploads\/2021\/11\/logo-CFT-PUCV-con-catolica.png\" alt=\"\" class=\"wp-image-10813\" width=\"159\" height=\"44\" srcset=\"https:\/\/dtichile.cl\/wp-content\/uploads\/2021\/11\/logo-CFT-PUCV-con-catolica.png 919w, https:\/\/dtichile.cl\/wp-content\/uploads\/2021\/11\/logo-CFT-PUCV-con-catolica-300x83.png 300w, https:\/\/dtichile.cl\/wp-content\/uploads\/2021\/11\/logo-CFT-PUCV-con-catolica-768x213.png 768w\" sizes=\"auto, (max-width: 159px) 100vw, 159px\" \/><\/figure><\/div>\n<\/div>\n<\/div>\n\n\n\n<div class=\"wp-block-themepunch-revslider revslider\" data-modal=\"false\" data-slidertitle=\"VIEWER NOTICIA 1\" style=\"\">\n\t\t\t<!-- START VIEWER NOTICIA 1 REVOLUTION SLIDER 6.3.5 --><p class=\"rs-p-wp-fix\"><\/p>\n\t\t\t<rs-module-wrap id=\"rev_slider_19_1_wrapper\" data-source=\"gallery\" style=\"background:#ffffff;padding:1px;margin:0px auto;margin-top:0;margin-bottom:0;max-width:;\">\n\t\t\t\t<rs-module id=\"rev_slider_19_1\" style=\"\" data-version=\"6.3.5\">\n\t\t\t\t\t<rs-slides>\n\t\t\t\t\t\t<rs-slide data-key=\"rs-62\" data-title=\"Slide\" data-thumb=\"\/\/dtichile.cl\/wp-content\/uploads\/2021\/10\/vista-_libro-100x50.png\" data-anim=\"ei:d;eo:d;s:1100;r:0;t:fade;sl:7;\">\n\t\t\t\t\t\t\t<img loading=\"lazy\" decoding=\"async\" src=\"\/\/dtichile.cl\/wp-content\/plugins\/revslider\/public\/assets\/assets\/dummy.png\" title=\"vista-_libro\" width=\"1920\" height=\"1080\" data-lazyload=\"\/\/dtichile.cl\/wp-content\/uploads\/2021\/10\/vista-_libro.png\" data-bg=\"p:center bottom;\" data-panzoom=\"d:14000;e:power3.inOut;ss:100;se:100;\" class=\"rev-slidebg\" data-no-retina>\n<!---->\t\t\t\t\t\t<\/rs-slide>\n\t\t\t\t\t\t<rs-slide data-key=\"rs-63\" data-title=\"Slide\" data-thumb=\"\/\/dtichile.cl\/wp-content\/uploads\/2013\/12\/indice-100x50.png\" data-anim=\"ei:d;eo:d;s:1100;r:0;t:fade;sl:7;\">\n\t\t\t\t\t\t\t<img loading=\"lazy\" decoding=\"async\" src=\"\/\/dtichile.cl\/wp-content\/plugins\/revslider\/public\/assets\/assets\/dummy.png\" title=\"indice\" width=\"1920\" height=\"1080\" data-lazyload=\"\/\/dtichile.cl\/wp-content\/uploads\/2013\/12\/indice.png\" data-bg=\"p:center bottom;\" data-panzoom=\"d:14000;e:power3.inOut;ss:100;se:100;\" class=\"rev-slidebg\" data-no-retina>\n<!---->\t\t\t\t\t\t<\/rs-slide>\n\t\t\t\t\t\t<rs-slide data-key=\"rs-64\" data-title=\"Slide\" data-thumb=\"\/\/dtichile.cl\/wp-content\/uploads\/2021\/10\/carga_academica-100x50.png\" data-anim=\"ei:d;eo:d;s:1100;r:0;t:fade;sl:7;\">\n\t\t\t\t\t\t\t<img loading=\"lazy\" decoding=\"async\" src=\"\/\/dtichile.cl\/wp-content\/plugins\/revslider\/public\/assets\/assets\/dummy.png\" title=\"carga_academica\" width=\"1920\" height=\"1080\" data-lazyload=\"\/\/dtichile.cl\/wp-content\/uploads\/2021\/10\/carga_academica.png\" data-bg=\"p:center bottom;\" data-panzoom=\"d:14000;e:power3.inOut;ss:100;se:100;\" class=\"rev-slidebg\" data-no-retina>\n<!---->\t\t\t\t\t\t<\/rs-slide>\n\t\t\t\t\t\t<rs-slide data-key=\"rs-65\" data-title=\"Slide\" data-thumb=\"\/\/dtichile.cl\/wp-content\/uploads\/2013\/12\/inicio-100x50.png\" data-anim=\"ei:d;eo:d;s:1100;r:0;t:fade;sl:7;\">\n\t\t\t\t\t\t\t<img loading=\"lazy\" decoding=\"async\" src=\"\/\/dtichile.cl\/wp-content\/plugins\/revslider\/public\/assets\/assets\/dummy.png\" title=\"inicio\" width=\"1920\" height=\"1080\" data-lazyload=\"\/\/dtichile.cl\/wp-content\/uploads\/2013\/12\/inicio.png\" data-bg=\"p:center bottom;\" data-panzoom=\"d:14000;e:power3.inOut;ss:100;se:100;\" class=\"rev-slidebg\" data-no-retina>\n<!---->\t\t\t\t\t\t<\/rs-slide>\n\t\t\t\t\t<\/rs-slides>\n\t\t\t\t<\/rs-module>\n\t\t\t\t<script type=\"text\/javascript\">\n\t\t\t\t\tsetREVStartSize({c: 'rev_slider_19_1',rl:[1240,1024,778,480],el:[540],gw:[1180],gh:[540],type:'standard',justify:'',layout:'fullwidth',mh:\"0\"});\n\t\t\t\t\tvar\trevapi19,\n\t\t\t\t\t\ttpj;\n\t\t\t\t\tfunction revinit_revslider191() {\n\t\t\t\t\tjQuery(function() {\n\t\t\t\t\t\ttpj = jQuery;\n\t\t\t\t\t\trevapi19 = tpj(\"#rev_slider_19_1\");\n\t\t\t\t\t\ttpj.noConflict();\n\t\t\t\t\t\tif(revapi19==undefined || revapi19.revolution == undefined){\n\t\t\t\t\t\t\trevslider_showDoubleJqueryError(\"rev_slider_19_1\");\n\t\t\t\t\t\t}else{\n\t\t\t\t\t\t\trevapi19.revolution({\n\t\t\t\t\t\t\t\tduration:14000,\n\t\t\t\t\t\t\t\tvisibilityLevels:\"1240,1024,778,480\",\n\t\t\t\t\t\t\t\tgridwidth:1180,\n\t\t\t\t\t\t\t\tgridheight:540,\n\t\t\t\t\t\t\t\tautoHeight:true,\n\t\t\t\t\t\t\t\tlazyType:\"all\",\n\t\t\t\t\t\t\t\tspinner:\"spinner2\",\n\t\t\t\t\t\t\t\tperspective:600,\n\t\t\t\t\t\t\t\tperspectiveType:\"local\",\n\t\t\t\t\t\t\t\teditorheight:\"540,768,960,720\",\n\t\t\t\t\t\t\t\tresponsiveLevels:\"1240,1024,778,480\",\n\t\t\t\t\t\t\t\tshadow:5,\n\t\t\t\t\t\t\t\tprogressBar:{disableProgressBar:true},\n\t\t\t\t\t\t\t\tnavigation: {\n\t\t\t\t\t\t\t\t\tmouseScrollNavigation:false,\n\t\t\t\t\t\t\t\t\twheelCallDelay:1000,\n\t\t\t\t\t\t\t\t\tonHoverStop:false,\n\t\t\t\t\t\t\t\t\ttouch: {\n\t\t\t\t\t\t\t\t\t\ttouchenabled:true,\n\t\t\t\t\t\t\t\t\t\tswipe_threshold:0\n\t\t\t\t\t\t\t\t\t},\n\t\t\t\t\t\t\t\t\tarrows: {\n\t\t\t\t\t\t\t\t\t\tenable:true,\n\t\t\t\t\t\t\t\t\t\tstyle:\"hesperiden\",\n\t\t\t\t\t\t\t\t\t\tleft: {\n\n\t\t\t\t\t\t\t\t\t\t},\n\t\t\t\t\t\t\t\t\t\tright: {\n\n\t\t\t\t\t\t\t\t\t\t}\n\t\t\t\t\t\t\t\t\t}\n\t\t\t\t\t\t\t\t},\n\t\t\t\t\t\t\t\tfallbacks: {\n\t\t\t\t\t\t\t\t\tallowHTML5AutoPlayOnAndroid:true\n\t\t\t\t\t\t\t\t},\n\t\t\t\t\t\t\t});\n\t\t\t\t\t\t}\n\t\t\t\t\t\t\n\t\t\t\t\t});\n\t\t\t\t\t} \/\/ End of RevInitScript\n\t\t\t\tvar once_revslider191 = false;\n\t\t\t\tif (document.readyState === \"loading\") {document.addEventListener('readystatechange',function() { if((document.readyState === \"interactive\" || document.readyState === \"complete\") && !once_revslider191 ) { once_revslider191 = true; revinit_revslider191();}});} else {once_revslider191 = true; revinit_revslider191();}\n\t\t\t\t<\/script>\n\t\t\t\t<script>\n\t\t\t\t\tvar htmlDivCss = ' #rev_slider_19_1_wrapper rs-loader.spinner2{ background-color: #94BB54 !important; } ';\n\t\t\t\t\tvar htmlDiv = document.getElementById('rs-plugin-settings-inline-css');\n\t\t\t\t\tif(htmlDiv) {\n\t\t\t\t\t\thtmlDiv.innerHTML = htmlDiv.innerHTML + htmlDivCss;\n\t\t\t\t\t}else{\n\t\t\t\t\t\tvar htmlDiv = document.createElement('div');\n\t\t\t\t\t\thtmlDiv.innerHTML = '<style>' + htmlDivCss + '<\/style>';\n\t\t\t\t\t\tdocument.getElementsByTagName('head')[0].appendChild(htmlDiv.childNodes[0]);\n\t\t\t\t\t}\n\t\t\t\t<\/script>\n\t\t\t\t<script>\n\t\t\t\t\tvar htmlDivCss = unescape(\"%23rev_slider_19_1_wrapper%20.hesperiden.tparrows%20%7B%0A%09cursor%3Apointer%3B%0A%09background%3Argba%280%2C0%2C0%2C0.5%29%3B%0A%09width%3A40px%3B%0A%09height%3A40px%3B%0A%09position%3Aabsolute%3B%0A%09display%3Ablock%3B%0A%09z-index%3A1000%3B%0A%20%20%20%20border-radius%3A%2050%25%3B%0A%7D%0A%23rev_slider_19_1_wrapper%20.hesperiden.tparrows%3Ahover%20%7B%0A%09background%3A%23000000%3B%0A%7D%0A%23rev_slider_19_1_wrapper%20.hesperiden.tparrows%3Abefore%20%7B%0A%09font-family%3A%20%27revicons%27%3B%0A%09font-size%3A20px%3B%0A%09color%3A%23ffffff%3B%0A%09display%3Ablock%3B%0A%09line-height%3A%2040px%3B%0A%09text-align%3A%20center%3B%0A%7D%0A%23rev_slider_19_1_wrapper%20.hesperiden.tparrows.tp-leftarrow%3Abefore%20%7B%0A%09content%3A%20%27%5Ce82c%27%3B%0A%20%20%20%20margin-left%3A-3px%3B%0A%7D%0A%23rev_slider_19_1_wrapper%20.hesperiden.tparrows.tp-rightarrow%3Abefore%20%7B%0A%09content%3A%20%27%5Ce82d%27%3B%0A%20%20%20%20margin-right%3A-3px%3B%0A%7D%0A\");\n\t\t\t\t\tvar htmlDiv = document.getElementById('rs-plugin-settings-inline-css');\n\t\t\t\t\tif(htmlDiv) {\n\t\t\t\t\t\thtmlDiv.innerHTML = htmlDiv.innerHTML + htmlDivCss;\n\t\t\t\t\t}else{\n\t\t\t\t\t\tvar htmlDiv = document.createElement('div');\n\t\t\t\t\t\thtmlDiv.innerHTML = '<style>' + htmlDivCss + '<\/style>';\n\t\t\t\t\t\tdocument.getElementsByTagName('head')[0].appendChild(htmlDiv.childNodes[0]);\n\t\t\t\t\t}\n\t\t\t\t<\/script>\n\t\t\t\t<script>\n\t\t\t\t\tvar htmlDivCss = unescape(\"%0A%0A%0A%0A%0A\");\n\t\t\t\t\tvar htmlDiv = document.getElementById('rs-plugin-settings-inline-css');\n\t\t\t\t\tif(htmlDiv) {\n\t\t\t\t\t\thtmlDiv.innerHTML = htmlDiv.innerHTML + htmlDivCss;\n\t\t\t\t\t}else{\n\t\t\t\t\t\tvar htmlDiv = document.createElement('div');\n\t\t\t\t\t\thtmlDiv.innerHTML = '<style>' + htmlDivCss + '<\/style>';\n\t\t\t\t\t\tdocument.getElementsByTagName('head')[0].appendChild(htmlDiv.childNodes[0]);\n\t\t\t\t\t}\n\t\t\t\t<\/script>\n\t\t\t<\/rs-module-wrap>\n\t\t\t<!-- END REVOLUTION SLIDER -->\n<\/div>\n\n\n\n<div style=\"height:100px\" aria-hidden=\"true\" class=\"wp-block-spacer\"><\/div>\n","protected":false},"excerpt":{"rendered":"<p>Estamos muy entusiasmados de contarles que estamos implementando una nueva instancia de Viewer II,esta en su \u00faltima versi\u00f3n 2.3, la cual tiene muchas ventajas adicionales a las ya conocidas como: Seguridad del contenido exhibido Protecci\u00f3n de descarga Protecci\u00f3n de documentos seg\u00fan carga acad\u00e9mica Extracci\u00f3n de pagina \u00fanica , mejora la fluidez de lectura Avance a &#8230;<\/p>\n","protected":false},"author":2,"featured_media":10293,"parent":0,"menu_order":0,"comment_status":"closed","ping_status":"closed","template":"template-sidebar.php","meta":{"footnotes":""},"class_list":["post-10774","page","type-page","status-publish","has-post-thumbnail","hentry"],"yoast_head":"<!-- This site is optimized with the Yoast SEO plugin v17.6 - https:\/\/yoast.com\/wordpress\/plugins\/seo\/ -->\n<title>Viewer 2.3 nuevas implementaciones - DTIC Sistemas SPA<\/title>\n<meta name=\"description\" content=\"Estamos muy entusiasmados de contarles que estamos implementando una nueva instancia de Viewer II, esta en su ultima versi\u00f3n 2.3\" \/>\n<meta name=\"robots\" content=\"index, follow, max-snippet:-1, max-image-preview:large, max-video-preview:-1\" \/>\n<link rel=\"canonical\" href=\"https:\/\/dtichile.cl\/?page_id=10774\" \/>\n<meta property=\"og:locale\" content=\"es_ES\" \/>\n<meta property=\"og:type\" content=\"article\" \/>\n<meta property=\"og:title\" content=\"Viewer 2.3 nuevas implementaciones - DTIC Sistemas SPA\" \/>\n<meta property=\"og:description\" content=\"Estamos muy entusiasmados de contarles que estamos implementando una nueva instancia de Viewer II, esta en su ultima versi\u00f3n 2.3\" \/>\n<meta property=\"og:url\" content=\"https:\/\/dtichile.cl\/?page_id=10774\" \/>\n<meta property=\"og:site_name\" content=\"DTIC Sistemas SPA\" \/>\n<meta property=\"article:modified_time\" content=\"2021-11-19T16:15:32+00:00\" \/>\n<meta property=\"og:image\" content=\"https:\/\/dtichile.cl\/wp-content\/uploads\/2021\/09\/logobuho-1.png\" \/>\n\t<meta property=\"og:image:width\" content=\"601\" \/>\n\t<meta property=\"og:image:height\" content=\"601\" \/>\n<meta name=\"twitter:card\" content=\"summary_large_image\" \/>\n<meta name=\"twitter:label1\" content=\"Est. reading time\" \/>\n\t<meta name=\"twitter:data1\" content=\"2 minutos\" \/>\n<script type=\"application\/ld+json\" class=\"yoast-schema-graph\">{\"@context\":\"https:\/\/schema.org\",\"@graph\":[{\"@type\":\"WebSite\",\"@id\":\"https:\/\/dtichile.cl\/#website\",\"url\":\"https:\/\/dtichile.cl\/\",\"name\":\"DTIC Sistemas SPA\",\"description\":\"DTIC Sistemas SPA\",\"potentialAction\":[{\"@type\":\"SearchAction\",\"target\":{\"@type\":\"EntryPoint\",\"urlTemplate\":\"https:\/\/dtichile.cl\/?s={search_term_string}\"},\"query-input\":\"required name=search_term_string\"}],\"inLanguage\":\"es-CL\"},{\"@type\":\"ImageObject\",\"@id\":\"https:\/\/dtichile.cl\/?page_id=10774#primaryimage\",\"inLanguage\":\"es-CL\",\"url\":\"https:\/\/dtichile.cl\/wp-content\/uploads\/2021\/09\/logobuho-1.png\",\"contentUrl\":\"https:\/\/dtichile.cl\/wp-content\/uploads\/2021\/09\/logobuho-1.png\",\"width\":601,\"height\":601},{\"@type\":\"WebPage\",\"@id\":\"https:\/\/dtichile.cl\/?page_id=10774#webpage\",\"url\":\"https:\/\/dtichile.cl\/?page_id=10774\",\"name\":\"Viewer 2.3 nuevas implementaciones - DTIC Sistemas SPA\",\"isPartOf\":{\"@id\":\"https:\/\/dtichile.cl\/#website\"},\"primaryImageOfPage\":{\"@id\":\"https:\/\/dtichile.cl\/?page_id=10774#primaryimage\"},\"datePublished\":\"2021-11-19T01:37:08+00:00\",\"dateModified\":\"2021-11-19T16:15:32+00:00\",\"description\":\"Estamos muy entusiasmados de contarles que estamos implementando una nueva instancia de Viewer II, esta en su ultima versi\\u00f3n 2.3\",\"breadcrumb\":{\"@id\":\"https:\/\/dtichile.cl\/?page_id=10774#breadcrumb\"},\"inLanguage\":\"es-CL\",\"potentialAction\":[{\"@type\":\"ReadAction\",\"target\":[\"https:\/\/dtichile.cl\/?page_id=10774\"]}]},{\"@type\":\"BreadcrumbList\",\"@id\":\"https:\/\/dtichile.cl\/?page_id=10774#breadcrumb\",\"itemListElement\":[{\"@type\":\"ListItem\",\"position\":1,\"name\":\"Portada\",\"item\":\"https:\/\/dtichile.cl\/\"},{\"@type\":\"ListItem\",\"position\":2,\"name\":\"Viewer 2.3 nuevas implementaciones\"}]}]}<\/script>\n<!-- \/ Yoast SEO plugin. -->","yoast_head_json":{"title":"Viewer 2.3 nuevas implementaciones - DTIC Sistemas SPA","description":"Estamos muy entusiasmados de contarles que estamos implementando una nueva instancia de Viewer II, esta en su ultima versi\u00f3n 2.3","robots":{"index":"index","follow":"follow","max-snippet":"max-snippet:-1","max-image-preview":"max-image-preview:large","max-video-preview":"max-video-preview:-1"},"canonical":"https:\/\/dtichile.cl\/?page_id=10774","og_locale":"es_ES","og_type":"article","og_title":"Viewer 2.3 nuevas implementaciones - DTIC Sistemas SPA","og_description":"Estamos muy entusiasmados de contarles que estamos implementando una nueva instancia de Viewer II, esta en su ultima versi\u00f3n 2.3","og_url":"https:\/\/dtichile.cl\/?page_id=10774","og_site_name":"DTIC Sistemas SPA","article_modified_time":"2021-11-19T16:15:32+00:00","og_image":[{"width":601,"height":601,"url":"https:\/\/dtichile.cl\/wp-content\/uploads\/2021\/09\/logobuho-1.png","type":"image\/png"}],"twitter_card":"summary_large_image","twitter_misc":{"Est. reading time":"2 minutos"},"schema":{"@context":"https:\/\/schema.org","@graph":[{"@type":"WebSite","@id":"https:\/\/dtichile.cl\/#website","url":"https:\/\/dtichile.cl\/","name":"DTIC Sistemas SPA","description":"DTIC Sistemas SPA","potentialAction":[{"@type":"SearchAction","target":{"@type":"EntryPoint","urlTemplate":"https:\/\/dtichile.cl\/?s={search_term_string}"},"query-input":"required name=search_term_string"}],"inLanguage":"es-CL"},{"@type":"ImageObject","@id":"https:\/\/dtichile.cl\/?page_id=10774#primaryimage","inLanguage":"es-CL","url":"https:\/\/dtichile.cl\/wp-content\/uploads\/2021\/09\/logobuho-1.png","contentUrl":"https:\/\/dtichile.cl\/wp-content\/uploads\/2021\/09\/logobuho-1.png","width":601,"height":601},{"@type":"WebPage","@id":"https:\/\/dtichile.cl\/?page_id=10774#webpage","url":"https:\/\/dtichile.cl\/?page_id=10774","name":"Viewer 2.3 nuevas implementaciones - DTIC Sistemas SPA","isPartOf":{"@id":"https:\/\/dtichile.cl\/#website"},"primaryImageOfPage":{"@id":"https:\/\/dtichile.cl\/?page_id=10774#primaryimage"},"datePublished":"2021-11-19T01:37:08+00:00","dateModified":"2021-11-19T16:15:32+00:00","description":"Estamos muy entusiasmados de contarles que estamos implementando una nueva instancia de Viewer II, esta en su ultima versi\u00f3n 2.3","breadcrumb":{"@id":"https:\/\/dtichile.cl\/?page_id=10774#breadcrumb"},"inLanguage":"es-CL","potentialAction":[{"@type":"ReadAction","target":["https:\/\/dtichile.cl\/?page_id=10774"]}]},{"@type":"BreadcrumbList","@id":"https:\/\/dtichile.cl\/?page_id=10774#breadcrumb","itemListElement":[{"@type":"ListItem","position":1,"name":"Portada","item":"https:\/\/dtichile.cl\/"},{"@type":"ListItem","position":2,"name":"Viewer 2.3 nuevas implementaciones"}]}]}},"_links":{"self":[{"href":"https:\/\/dtichile.cl\/index.php?rest_route=\/wp\/v2\/pages\/10774","targetHints":{"allow":["GET"]}}],"collection":[{"href":"https:\/\/dtichile.cl\/index.php?rest_route=\/wp\/v2\/pages"}],"about":[{"href":"https:\/\/dtichile.cl\/index.php?rest_route=\/wp\/v2\/types\/page"}],"author":[{"embeddable":true,"href":"https:\/\/dtichile.cl\/index.php?rest_route=\/wp\/v2\/users\/2"}],"replies":[{"embeddable":true,"href":"https:\/\/dtichile.cl\/index.php?rest_route=%2Fwp%2Fv2%2Fcomments&post=10774"}],"version-history":[{"count":28,"href":"https:\/\/dtichile.cl\/index.php?rest_route=\/wp\/v2\/pages\/10774\/revisions"}],"predecessor-version":[{"id":10832,"href":"https:\/\/dtichile.cl\/index.php?rest_route=\/wp\/v2\/pages\/10774\/revisions\/10832"}],"wp:featuredmedia":[{"embeddable":true,"href":"https:\/\/dtichile.cl\/index.php?rest_route=\/wp\/v2\/media\/10293"}],"wp:attachment":[{"href":"https:\/\/dtichile.cl\/index.php?rest_route=%2Fwp%2Fv2%2Fmedia&parent=10774"}],"curies":[{"name":"wp","href":"https:\/\/api.w.org\/{rel}","templated":true}]}}